What is n(l)?
88
Let v(f) = f**3 - 6*f**2 + 6*f - 1. Suppose -3*i + 3*k + 12 = 0, -i + 1 = -k + 3*k. Suppose -48 + 63 = i*a. Calculate v(a).
4
Let l(i) = i**3 + 10*i**2 - 322*i - 2067. Let f be l(-6). Let t(j) = -22*j + 201. What is t(f)?
3
Let u(v) = -3*v + 46. Suppose k + 8904 = -423*k. What is u(k)?
109
Let l(k) = 24*k**3 - 2*k - 1. Let t(r) = 2*r + 7. Let h(x) = -x + 1. Let n(v) = h(v) + t(v). Let c be n(-7). Let z be c/((8/2)/(-4)). Determine l(z).
-23
Let m = -167/258 + 35/43. Let u(r) be the second derivative of r**2 + 1/6*r**4 + 2*r + 0 + m*r**3 - 1/10*r**5. Determine u(2).
-4
Let j(o) = 23*o + 2. Let d(m) = 25*m + 3. Let a(k) = -4*d(k) + 5*j(k). Let l(t) = -12*t + 190. Let v be l(16). What is a(v)?
-32
Let n(h) = -164*h - 1797. Let r be n(-11). Let m(o) = o**2 + o - 10. Determine m(r).
46
Let i(b) = 3*b**2 - 21*b - 13. Let z(g) = 7*g**2 - 50*g - 26. Let n(q) = 9*i(q) - 4*z(q). Let m = -20 - -30. Determine n(m).
-3
Suppose 3*l + 6 = -2*y - y, 9 = -3*l. Let i(r) = -396*r + 396*r + y + 7*r**2. Determine i(1).
8
Let m be 1*-4 - (3 + 4 + -13). Let o(p) = 3*p**2 + 3251*p - 3246*p + p**2 + 9 - 5*p**m. Let j be (1 + -2 - -7) + 1. Calculate o(j).
-5
Let j(s) = -s**2 - 6*s - 6. Let t be j(-5). Let i(y) = y**3. Let x(z) = 3*z**3 + 5*z**2 - 2. Let d(c) = t*x(c) + 4*i(c). Give d(5).
2
Let c(s) = -1. Suppose -t + 4*t = 3. Let n(v) = -v + 1. Let y(h) = -h**2 - 4*h - 7. Let i(o) = t*y(o) + 4*n(o). Let p(b) = 4*c(b) + i(b). Calculate p(-6).
5
Suppose -3*a + 4*a = 8. Let v(o) be the second derivative of -o**4/12 + 4*o**3/3 + 2*o + 575. Calculate v(a).
0
Let j = -966 + 969. Suppose -182 = -j*b - 158. Let u(d) be the first derivative of d**4/4 - 3*d**3 + 3*d**2 + 9*d - 1. Give u(b).
-7
Suppose -4*x + x = -4*n + 38, -5*x - n = 25. Let k(s) = -396*s + 2. Let l(z) = -317*z + 2. Let o(u) = -4*k(u) + 5*l(u). Calculate o(x).
8
Suppose -4*q + 457*c - 454*c = 6, -3*c - 6 = -2*q. Let w(m) be the third derivative of -1/24*m**4 + 0 + 2*m**2 + 0*m + 2/3*m**3. Calculate w(q).
10
Let t(h) = -28*h - 50. Suppose -138*l - 576 + 300 = 0. Calculate t(l).
6
Let g(n) be the second derivative of 21*n**2 + 0 - 181*n + 1/3*n**3. Determine g(-22).
-2
Suppose -297*n - 86*n + 44*n = 1695. Let u(j) = -2*j + 1 + 7 + 4*j. Calculate u(n).
-2
Let m(i) = i**3 + 112*i**2 - 710*i - 238. Let g be m(-118). Let r(f) = 15*f + 17. Calculate r(g).
-13
Let u(v) = -17*v - 90*v**2 + 5*v - 35 + 31*v**2 + 30*v**2 + 30*v**2. Calculate u(15).
10
Let b(m) = -13*m**2 - 10*m - 1. Let i(x) = 10*x**2 + 9*x - 1. Let s(r) = 3*b(r) + 4*i(r). Calculate s(-8).
9
Let f(h) = -6*h + 20. Let i(m) = 270*m + 1084. Let n be i(-4). Give f(n).
-4
Suppose -6*r + 2455 = -107. Let g(w) = 426*w**2 + 15 - 2 - 4*w + 5*w - r*w**2. Determine g(0).
13
Suppose 5*s - 13 + 3 = 0. Let u(b) = 15 - 1 + 18 - 15 - s*b. Give u(8).
1
Let c = -115 + 121. Let f(z) = -z**2 + 8*z + 1. Let m(s) = s**2 - 8*s - 1. Let n(u) = c*f(u) + 5*m(u). What is n(7)?
8
Let i(m) = m**2 + 9*m + 7. Let a be i(-7). Let k(h) = -2*h + 1345 - 2684 + 1346. Let j(b) = b - 3. Let d(x) = a*j(x) - 4*k(x). Give d(4).
-3
Let v(q) be the third derivative of q**7/420 + q**6/360 - q**5/60 - 11*q**3/6 + 5*q**2. Let b(p) be the first derivative of v(p). What is b(2)?
16
Let v(x) = 5*x**2 + 84*x + 100. Let q(h) = -h**2 - 18*h - 25. Let a(t) = -9*q(t) - 2*v(t). Give a(-10).
-15
Let p(c) = -c**2 - c + 2. Let f be p(0). Let d(l) = 0*l**2 - 3*l**2 + 1 - 2386*l**3 + 2385*l**3 + 5*l**2. Give d(f).
1
Let i(c) = 89*c + 27. Let s(b) be the first derivative of -9*b**2 - 5*b - 46. Let f(m) = 2*i(m) + 11*s(m). Calculate f(-1).
19
Let u(w) = 9*w - 289. Let y = -31598 - -31631. What is u(y)?
8
Let p = 3 + -1. Let j be (-13)/(-26) - (3/2 - 1). Let w(i) = j - i**2 + 4*i - p - 4. Determine w(4).
-6
Let v(a) = -4 - 1968*a - 13 - 17 + 12 - a**2 + 1977*a. Give v(4).
-2
Let v = 29 + 48. Let j = v - 115. Let s = -33 - j. Let w(g) = -g + 8. Determine w(s).
3
Let f(r) = -r**3 + 9*r**2 - 9*r + 3. Let o be f(8). Let x be -6*(20/(-8))/5. Let z(c) = -3 + 0 + c**3 - 5*c - 5*c**3 - 6*c**2 + x*c**3. Give z(o).
-3
Let q(a) be the third derivative of -a**6/120 + a**5/15 - a**4/6 + 3*a**3/2 + 6*a**2 + 80*a + 8. Let g be -2 - (5 - 2)*-2. Calculate q(g).
-7
Suppose 257 - 264 = 3*s + v, 0 = -3*s + 3*v - 3. Let x(y) = 7*y**2 + 3*y - 4. Calculate x(s).
18
Let p = 15 - 15. Let f(t) = -3*t**2 - 28*t + 16*t - 29*t - 6 + 4*t**2 + 42*t. Determine f(p).
-6
Let p(h) = -650*h + 1080 + 652*h - 1056 - h**2. Give p(9).
-39
Let m(l) = -10*l - 404. Let w(n) = -5*n - 242. Let b(z) = 3*m(z) - 5*w(z). Give b(-2).
8
Let g be 19 - (2 + 12) - -1*0/(-1). Let x(d) = d**3 - 4*d**2 - 5*d - 3. What is x(g)?
-3
Let d = 97/8 + -61/8. Let w(t) be the second derivative of d*t**2 - 15*t + 1/6*t**3 + 0. What is w(-8)?
1
Let n(p) be the second derivative of -p**6/120 + p**5/15 - 5*p**4/24 + 2*p**3/3 - 99*p**2/2 + 180*p. Let x(k) be the first derivative of n(k). What is x(4)?
-16
Let v(j) = 4*j**3 - 4*j**2 - 4. Let l be 9 - (-8 - (1 + -6) - -3*3). Give v(l).
68
Let i(m) be the first derivative of -m**4/4 + 5*m**3/3 + m**2 + 9*m - 1883. Calculate i(4).
33
Suppose 13*g - 15*g = -2*h - 40, -h - g = 20. Let f be 2/5 - (2 + (-88)/h). Let b(v) = -4*v**2 + 9*v**2 + v**3 - 7*v - 7 + 0*v. Calculate b(f).
-1
Let j(a) = -5*a**2 - a. Let r = 52 - 50. Suppose r*u - 2 + 4 = 0. Give j(u).
-4
Let z(l) be the third derivative of 0 + 0*l**4 - 7*l - 1/6*l**3 + 1/60*l**5 + 4*l**2 + 7/120*l**6. Determine z(-1).
-7
Let n(b) be the third derivative of -b**5/60 + 3*b**4/8 + 3*b**3/2 - b**2. Let t = 3254 + -3244. Calculate n(t).
-1
Let w(z) = z**2 + 8*z - 4. Let t(o) = o**3 - 16*o**2 + 69*o - 49. Let f be t(7). Give w(f).
-11
Let z(y) = 61*y - 2. Let n = 17437 + -17437. Determine z(n).
-2
Let p be 0/2 + (0 - -3 - 0). Suppose -2*y + 3*h = 2*y - 15, 0 = -3*y + 5*h + p. Let l(a) = -a**2 + 6*a - 7. Give l(y).
-7
Let k(s) = -s**3 - 16*s**2 - 27*s + 12. Let a be k(-14). Let c(d) be the second derivative of -d**4/6 + d**3/3 - 2*d - 528. Determine c(a).
-12
Suppose -3*x = -7 - 20. Suppose -8 = 2*c - 2*i, -2*c - 20 = -8*i + 3*i. Let s(w) = c*w - x + 4 - w - 14. Give s(-13).
-6
Let p(b) = 3*b**3 - 18*b**2 + b - 26. Let l(r) = 10*r**3 - 54*r**2 + 3*r - 79. Let q(g) = -2*l(g) + 7*p(g). Determine q(18).
-6
Suppose -4*t + 4*w = -8*t - 36, 2*t + 4*w + 22 = 0. Let u be t + 6 - (-1 + -2). Suppose 0 = 3*g - u*g - 4. Let h(f) = -2*f + 4. Give h(g).
-4
Let p(t) be the first derivative of t**2/2 + t - 1. Let x be 2*(-24)/9*(-105)/70. Calculate p(x).
9
Let l(f) = 11*f - 15. Let w(b) = -2*b + 16. Let r be w(9). Let m(a) = 5*a - 1. Let x(t) = r*m(t) + l(t). What is x(5)?
-8
Let p(q) be the second derivative of -q**4 + q**3/6 + 3*q**2/2 + 716*q - 1. Give p(-2).
-47
Suppose 1680 = 5*g + 90. Suppose -g*p + 320*p + 6 = 0. Let w(j) = j**3 + 3*j**2 - 4*j - 3. Calculate w(p).
9
Let k(r) = r + 2*r + 2 - 3*r - 5*r. Suppose 2120*u - 2137*u - 34 = 0. Give k(u).
12
Let x(h) = -h + 43. Let v(m) = -3*m + 52. Let r(j) = -6*v(j) + 7*x(j). Give r(-1).
-22
Let u(c) = 4*c - 10. Let d(z) = -4*z**2 + 28*z - 5. Let k be d(7). Let q(o) = -o + 1. Let s(r) = k*q(r) - u(r). Give s(0).
5
Let a(m) = -m**3 - 2*m**2 + 4*m - 1. Let f(y) = 66*y + 63. Let v be 4*4/(-6)*(-30)/(-80). Let o be f(v). What is a(o)?
-4
Let h(o) = -82*o - 2 + 26*o + 34*o + o**2 + 26*o. Calculate h(-10).
58
Let o(u) = 17*u**3 + 21*u**2 + 7*u + 10. Let g(q) = 5*q**3 + 7*q**2 + 2*q + 3. Let t(k) = -7*g(k) + 2*o(k). Let y = -23 - -16. Determine t(y).
-1
Let b(g) = g + 5. Let c = 98 - 98. Let d be (4 - 4 - -5)*(c + 1). Give b(d).
10
Let s(l) = -l**3 - 5*l**2 - l + 2. Suppose -3*c + 12 = -4*t, 4*c = 7*c. What is s(t)?
-13
Let y(i) = -65 + 4*i**2 - 15*i + 62 - 56 - 3*i**2 - 9*i. Give y(26).
-7
Let i(a) = -3*a - 10. Suppose 205*g = 212*g + 63. Calculate i(g).
17
Let t(o) = 1. Let d(r) = 4*r**2 + r + 23. Let h(y) = -d(y) - 3*t(y). Let u(m) be the first derivative of h(m). Give u(1).
-9
Let s(g) = -g**2 + 3*g + 28. Let r = -5440 + 5436. What is s(r)?
0
Suppose 0 = -5404*k + 5429*k + 175. Let c(h) = h + 26. Calculate c(k).
19
Let j(c) = 14*c**2 - 21*c + 21. Let x(s) = -8*s**2 + 10*s - 10. Let g(d) = -3*j(d) - 5*x(d). What is g(4)?
7
Let i = -1 - -8. Suppose -401*r = -400*r - i. Let y(n) = n - 10. Determine y(r).
-3
Let n(g) = -3*g**3 + 42*g**2 + 16*g - 11.